{"id":28,"date":"2025-12-12T20:13:07","date_gmt":"2025-12-12T18:13:07","guid":{"rendered":"https:\/\/cobdc.net\/donesvisibles\/?page_id=28"},"modified":"2025-12-12T20:50:05","modified_gmt":"2025-12-12T18:50:05","slug":"contacte","status":"publish","type":"page","link":"https:\/\/cobdc.net\/donesvisibles\/contacte\/","title":{"rendered":"Contacte"},"content":{"rendered":"\n<div class=\"wp-block-group alignfull is-layout-flow wp-block-group-is-layout-flow\" style=\"margin-top:0;margin-bottom:0\">\n<div style=\"height:var(--wp--preset--spacing--20)\" aria-hidden=\"true\" class=\"wp-block-spacer\"><\/div>\n\n\n\n<div class=\"wp-block-group alignwide is-layout-flow wp-block-group-is-layout-flow\">\n<div class=\"wp-block-columns alignwide are-vertically-aligned-top is-layout-flex wp-container-core-columns-is-layout-5c8fb865 wp-block-columns-is-layout-flex\">\n<div class=\"wp-block-column is-vertically-aligned-top has-transparent-background-color has-background has-global-padding is-content-justification-left is-layout-constrained wp-container-core-column-is-layout-95996b15 wp-block-column-is-layout-constrained\">\n<h2 class=\"wp-block-heading\">Parlem-ne<\/h2>\n\n\n\n<p>El Grup de treball Dones Visibles del <em>Col\u00b7legi Oficial de Bibliotecaris-Documentalistes de Catalunya (COBDC)<\/em> est\u00e0 obert a totes les professionals interessades en la visibilitzaci\u00f3, la igualtat i el reconeixement del paper de les dones en el sector de la informaci\u00f3 i la documentaci\u00f3.<\/p>\n\n\n\n<p>Si tens inter\u00e8s en:<\/p>\n\n\n\n<ul class=\"wp-block-list\">\n<li>unir-te al grup de treball,<\/li>\n\n\n\n<li>participar en alguna activitat o projecte,<\/li>\n\n\n\n<li>proposar col\u00b7laboracions,<\/li>\n\n\n\n<li>o fer qualsevol consulta relacionada amb la nostra tasca,<\/li>\n<\/ul>\n<\/div>\n\n\n\n<div class=\"wp-block-column is-vertically-aligned-top is-layout-flow wp-block-column-is-layout-flow\" style=\"flex-basis:40%\">\n<figure class=\"wp-block-image size-full\"><img loading=\"lazy\" decoding=\"async\" width=\"1024\" height=\"1024\" src=\"https:\/\/cobdc.net\/donesvisibles\/wp-content\/uploads\/2025\/12\/feac9e6e-f45f-4d1a-9a4a-935032593bd7.png\" alt=\"\" class=\"wp-image-30\" srcset=\"https:\/\/cobdc.net\/donesvisibles\/wp-content\/uploads\/2025\/12\/feac9e6e-f45f-4d1a-9a4a-935032593bd7.png 1024w, https:\/\/cobdc.net\/donesvisibles\/wp-content\/uploads\/2025\/12\/feac9e6e-f45f-4d1a-9a4a-935032593bd7-300x300.png 300w, https:\/\/cobdc.net\/donesvisibles\/wp-content\/uploads\/2025\/12\/feac9e6e-f45f-4d1a-9a4a-935032593bd7-150x150.png 150w, https:\/\/cobdc.net\/donesvisibles\/wp-content\/uploads\/2025\/12\/feac9e6e-f45f-4d1a-9a4a-935032593bd7-768x768.png 768w\" sizes=\"auto, (max-width: 1024px) 100vw, 1024px\" \/><\/figure>\n<\/div>\n<\/div>\n\n\n\n<div class=\"wp-block-buttons is-layout-flex wp-block-buttons-is-layout-flex\">\n<div class=\"wp-block-button\"><a class=\"wp-block-button__link wp-element-button\" href=\"mailto:donesvisibles@cobdc.org\">Envia&#8217;ns un correu<\/a><\/div>\n<\/div>\n<\/div>\n\n\n\n<div style=\"height:var(--wp--preset--spacing--20)\" aria-hidden=\"true\" class=\"wp-block-spacer\"><\/div>\n<\/div>\n\n\n\n<p><\/p>\n","protected":false},"excerpt":{"rendered":"<p>Parlem-ne El Grup de treball Dones Visibles del Col\u00b7legi Oficial de Bibliotecaris-Documentalistes de Catalunya (COBDC) est\u00e0 obert a totes les professionals interessades en la visibilitzaci\u00f3, la igualtat i el reconeixement del paper de les dones en el sector de la informaci\u00f3 i la documentaci\u00f3. Si tens inter\u00e8s en:<\/p>\n","protected":false},"author":2,"featured_media":0,"parent":0,"menu_order":0,"comment_status":"closed","ping_status":"closed","template":"","meta":{"footnotes":""},"class_list":["post-28","page","type-page","status-publish","hentry"],"_links":{"self":[{"href":"https:\/\/cobdc.net\/donesvisibles\/wp-json\/wp\/v2\/pages\/28","targetHints":{"allow":["GET"]}}],"collection":[{"href":"https:\/\/cobdc.net\/donesvisibles\/wp-json\/wp\/v2\/pages"}],"about":[{"href":"https:\/\/cobdc.net\/donesvisibles\/wp-json\/wp\/v2\/types\/page"}],"author":[{"embeddable":true,"href":"https:\/\/cobdc.net\/donesvisibles\/wp-json\/wp\/v2\/users\/2"}],"replies":[{"embeddable":true,"href":"https:\/\/cobdc.net\/donesvisibles\/wp-json\/wp\/v2\/comments?post=28"}],"version-history":[{"count":4,"href":"https:\/\/cobdc.net\/donesvisibles\/wp-json\/wp\/v2\/pages\/28\/revisions"}],"predecessor-version":[{"id":57,"href":"https:\/\/cobdc.net\/donesvisibles\/wp-json\/wp\/v2\/pages\/28\/revisions\/57"}],"wp:attachment":[{"href":"https:\/\/cobdc.net\/donesvisibles\/wp-json\/wp\/v2\/media?parent=28"}],"curies":[{"name":"wp","href":"https:\/\/api.w.org\/{rel}","templated":true}]}}