{"id":748,"date":"2019-08-24T14:09:22","date_gmt":"2019-08-24T14:09:22","guid":{"rendered":"https:\/\/evenz.qantumthemes.xyz\/demo\/?page_id=748"},"modified":"2022-04-25T10:56:01","modified_gmt":"2022-04-25T10:56:01","slug":"upc-campusnord","status":"publish","type":"page","link":"https:\/\/cobdc.net\/16JCID\/upc-campusnord\/","title":{"rendered":"UPC &#8211; CAMPUS NORD (BARCELONA)"},"content":{"rendered":"<p style=\"text-align: center;\"><img loading=\"lazy\" decoding=\"async\" class=\"alignnone size-medium wp-image-1699\" src=\"https:\/\/cobdc.net\/16JCID\/wp-content\/uploads\/2022\/01\/Barcelona_-_Universidad_Politecnica_de_Cataluna_UPC_-_Campus_Norte_-_Edificio_Vertex_3-770x578.jpg\" alt=\"\" width=\"770\" height=\"578\" srcset=\"https:\/\/cobdc.net\/16JCID\/wp-content\/uploads\/2022\/01\/Barcelona_-_Universidad_Politecnica_de_Cataluna_UPC_-_Campus_Norte_-_Edificio_Vertex_3-770x578.jpg 770w, https:\/\/cobdc.net\/16JCID\/wp-content\/uploads\/2022\/01\/Barcelona_-_Universidad_Politecnica_de_Cataluna_UPC_-_Campus_Norte_-_Edificio_Vertex_3-1170x878.jpg 1170w, https:\/\/cobdc.net\/16JCID\/wp-content\/uploads\/2022\/01\/Barcelona_-_Universidad_Politecnica_de_Cataluna_UPC_-_Campus_Norte_-_Edificio_Vertex_3-768x576.jpg 768w, https:\/\/cobdc.net\/16JCID\/wp-content\/uploads\/2022\/01\/Barcelona_-_Universidad_Politecnica_de_Cataluna_UPC_-_Campus_Norte_-_Edificio_Vertex_3-1536x1152.jpg 1536w, https:\/\/cobdc.net\/16JCID\/wp-content\/uploads\/2022\/01\/Barcelona_-_Universidad_Politecnica_de_Cataluna_UPC_-_Campus_Norte_-_Edificio_Vertex_3.jpg 2048w\" sizes=\"auto, (max-width: 770px) 100vw, 770px\" \/><\/p>\n<p style=\"text-align: justify;\">El Campus Nord de la Universitat Polit\u00e8cnica de Catalunya i m\u00e9s concretament l&#8217;edifici V\u00e8rtex es troba situat a la zona de Les Corts de Barcelona i \u00e9s un dels majors campus universitaris integrant la <a href=\"https:\/\/bibliotecnica.upc.edu\/brgf\">Biblioteca Rector Gabriel Ferrat\u00e9<\/a>, diferents departaments i centres d&#8217;investigaci\u00f3. Es tracta d&#8217;un espai polivalent que permetr\u00e0 desenvolupar les 16es Jornades Catalanes d&#8217;Informaci\u00f3 i Documentaci\u00f3 en unes condicions \u00f2ptimes amb els diversos espais dels que disposa.<\/p>\n<p>&nbsp;<\/p>\n<p>&nbsp;<\/p>\n","protected":false},"excerpt":{"rendered":"<p>El Campus Nord de la Universitat Polit\u00e8cnica de Catalunya i m\u00e9s concretament l&#8217;edifici V\u00e8rtex es troba situat a la zona de Les Corts de Barcelona i \u00e9s un dels majors campus universitaris integrant la Biblioteca Rector Gabriel Ferrat\u00e9, diferents departaments i centres d&#8217;investigaci\u00f3. Es tracta d&#8217;un espai polivalent que permetr\u00e0 ...<\/p>\n","protected":false},"author":1,"featured_media":1700,"parent":0,"menu_order":0,"comment_status":"closed","ping_status":"closed","template":"","meta":{"_monsterinsights_skip_tracking":false,"_monsterinsights_sitenote_active":false,"_monsterinsights_sitenote_note":"","_monsterinsights_sitenote_category":0,"footnotes":""},"class_list":["post-748","page","type-page","status-publish","has-post-thumbnail","hentry"],"_links":{"self":[{"href":"https:\/\/cobdc.net\/16JCID\/wp-json\/wp\/v2\/pages\/748","targetHints":{"allow":["GET"]}}],"collection":[{"href":"https:\/\/cobdc.net\/16JCID\/wp-json\/wp\/v2\/pages"}],"about":[{"href":"https:\/\/cobdc.net\/16JCID\/wp-json\/wp\/v2\/types\/page"}],"author":[{"embeddable":true,"href":"https:\/\/cobdc.net\/16JCID\/wp-json\/wp\/v2\/users\/1"}],"replies":[{"embeddable":true,"href":"https:\/\/cobdc.net\/16JCID\/wp-json\/wp\/v2\/comments?post=748"}],"version-history":[{"count":6,"href":"https:\/\/cobdc.net\/16JCID\/wp-json\/wp\/v2\/pages\/748\/revisions"}],"predecessor-version":[{"id":1947,"href":"https:\/\/cobdc.net\/16JCID\/wp-json\/wp\/v2\/pages\/748\/revisions\/1947"}],"wp:featuredmedia":[{"embeddable":true,"href":"https:\/\/cobdc.net\/16JCID\/wp-json\/wp\/v2\/media\/1700"}],"wp:attachment":[{"href":"https:\/\/cobdc.net\/16JCID\/wp-json\/wp\/v2\/media?parent=748"}],"curies":[{"name":"wp","href":"https:\/\/api.w.org\/{rel}","templated":true}]}}

<p style="text-align: center;"><img loading="lazy" decoding="async" class="alignnone size-medium wp-image-1699" src="https://cobdc.net/16JCID/wp-content/uploads/2022/01/Barcelona_-_Universidad_Politecnica_de_Cataluna_UPC_-_Campus_Norte_-_Edificio_Vertex_3-770x578.jpg" alt="" width="770" height="578" srcset="https://cobdc.net/16JCID/wp-content/uploads/2022/01/Barcelona_-_Universidad_Politecnica_de_Cataluna_UPC_-_Campus_Norte_-_Edificio_Vertex_3-770x578.jpg 770w, https://cobdc.net/16JCID/wp-content/uploads/2022/01/Barcelona_-_Universidad_Politecnica_de_Cataluna_UPC_-_Campus_Norte_-_Edificio_Vertex_3-1170x878.jpg 1170w, https://cobdc.net/16JCID/wp-content/uploads/2022/01/Barcelona_-_Universidad_Politecnica_de_Cataluna_UPC_-_Campus_Norte_-_Edificio_Vertex_3-768x576.jpg 768w, https://cobdc.net/16JCID/wp-content/uploads/2022/01/Barcelona_-_Universidad_Politecnica_de_Cataluna_UPC_-_Campus_Norte_-_Edificio_Vertex_3-1536x1152.jpg 1536w, https://cobdc.net/16JCID/wp-content/uploads/2022/01/Barcelona_-_Universidad_Politecnica_de_Cataluna_UPC_-_Campus_Norte_-_Edificio_Vertex_3.jpg 2048w" sizes="auto, (max-width: 770px) 100vw, 770px" /></p>
<p style="text-align: justify;">El Campus Nord de la Universitat Politècnica de Catalunya i més concretament l&#8217;edifici Vèrtex es troba situat a la zona de Les Corts de Barcelona i és un dels majors campus universitaris integrant la <a href="https://bibliotecnica.upc.edu/brgf">Biblioteca Rector Gabriel Ferraté</a>, diferents departaments i centres d&#8217;investigació. Es tracta d&#8217;un espai polivalent que permetrà desenvolupar les 16es Jornades Catalanes d&#8217;Informació i Documentació en unes condicions òptimes amb els diversos espais dels que disposa.</p>
<p>&nbsp;</p>
<p>&nbsp;</p>

<p>El Campus Nord de la Universitat Politècnica de Catalunya i més concretament l&#8217;edifici Vèrtex es troba situat a la zona de Les Corts de Barcelona i és un dels majors campus universitaris integrant la Biblioteca Rector Gabriel Ferraté, diferents departaments i centres d&#8217;investigació. Es tracta d&#8217;un espai polivalent que permetrà ...</p>
