{"id":2170,"date":"2022-10-21T10:29:37","date_gmt":"2022-10-21T10:29:37","guid":{"rendered":"https:\/\/cobdc.net\/16JCID\/?page_id=2170"},"modified":"2022-10-24T14:05:00","modified_gmt":"2022-10-24T14:05:00","slug":"posters","status":"publish","type":"page","link":"https:\/\/cobdc.net\/16JCID\/posters\/","title":{"rendered":"P\u00f2sters"},"content":{"rendered":"<p><span style=\"font-size: 18pt;\"><strong>P\u00d2STERS<\/strong><\/span><\/p>\n<p>&nbsp;<\/p>\n<ul>\n<li><a href=\"https:\/\/cobdc.net\/16JCID\/wp-content\/uploads\/2022\/10\/POSTER_PDF_Elena_Guardiola_Informacio-Medica-a-la-Industria-Farmaceutica-Curs-dExpert-.pdf\" target=\"_blank\" rel=\"noopener\"><strong>Informaci\u00f3 M\u00e8dica a la Ind\u00fastria Farmac\u00e8utica. Desenvolupament i Implementaci\u00f3 d\u2019un Curs d\u2019Expert Universitari<\/strong><\/a> <img loading=\"lazy\" decoding=\"async\" class=\"alignnone size-full wp-image-2138\" src=\"https:\/\/cobdc.net\/16JCID\/wp-content\/uploads\/2022\/10\/pdf.gif\" alt=\"\" width=\"20\" height=\"20\" \/><\/li>\n<\/ul>\n<p>Elena Guardiola, Lurdes Cabo, Elena Molina, Patricia Ortega, \u00c1ngela Flores, Sylvaine Balmy, Nuria Escudero, Mar\u00eda-\u00c1ngeles Hern\u00e1ndez i M\u00f3nica Rojo<\/p>\n<ul>\n<li><a href=\"https:\/\/cobdc.net\/16JCID\/wp-content\/uploads\/2022\/10\/Poster.pdf\" target=\"_blank\" rel=\"noopener\"><strong>Grup de Treball de Gesti\u00f3 de la Informaci\u00f3 en Ci\u00e8ncies de la Salut: la pand\u00e8mia com a oportunitat per a reinventar-se i avan\u00e7ar<\/strong><\/a><strong> <img loading=\"lazy\" decoding=\"async\" class=\"alignnone size-full wp-image-2138\" src=\"https:\/\/cobdc.net\/16JCID\/wp-content\/uploads\/2022\/10\/pdf.gif\" alt=\"\" width=\"20\" height=\"20\" \/><\/strong><\/li>\n<\/ul>\n<p>Carme Montcus\u00ed. Grup de Treball de Gesti\u00f3 de la Informaci\u00f3 en Ci\u00e8ncies de la Salut<\/p>\n<ul>\n<li><a href=\"https:\/\/cobdc.net\/16JCID\/wp-content\/uploads\/2022\/10\/Portes-Enfora.pdf\" target=\"_blank\" rel=\"noopener\"><strong>Portes enfora<\/strong><\/a> <img loading=\"lazy\" decoding=\"async\" class=\"alignnone size-full wp-image-2138\" src=\"https:\/\/cobdc.net\/16JCID\/wp-content\/uploads\/2022\/10\/pdf.gif\" alt=\"\" width=\"20\" height=\"20\" \/><\/li>\n<\/ul>\n<p>Montserrat Recasens<\/p>\n<ul>\n<li><a href=\"https:\/\/cobdc.net\/16JCID\/wp-content\/uploads\/2022\/10\/Internet-de-les-coses-a-les-biblioteques.pdf\" target=\"_blank\" rel=\"noopener\"><strong>Internet de les coses al m\u00f3n de les biblioteques\u00a0<\/strong><\/a> <img loading=\"lazy\" decoding=\"async\" class=\"alignnone size-full wp-image-2138\" src=\"https:\/\/cobdc.net\/16JCID\/wp-content\/uploads\/2022\/10\/pdf.gif\" alt=\"\" width=\"20\" height=\"20\" \/><\/li>\n<\/ul>\n<p>Carles Abarca; M Lluisa Garcia; Joan Bassolas i M\u00f2nica Vel\u00e1zquez<\/p>\n<ul>\n<li><a href=\"https:\/\/cobdc.net\/16JCID\/wp-content\/uploads\/2022\/10\/EtsBibliotecaria_Busquets_Ortiz.pdf\" target=\"_blank\" rel=\"noopener\"><strong>Ets bibliotec\u00e0ria?\u00a0<\/strong><\/a> <img loading=\"lazy\" decoding=\"async\" class=\"alignnone size-full wp-image-2138\" src=\"https:\/\/cobdc.net\/16JCID\/wp-content\/uploads\/2022\/10\/pdf.gif\" alt=\"\" width=\"20\" height=\"20\" \/><\/li>\n<\/ul>\n<p>Rosa Busquets i Grelda Ortiz<\/p>\n<ul>\n<li><a href=\"https:\/\/cobdc.net\/16JCID\/wp-content\/uploads\/2022\/10\/2022_DoUtDes_poster_16JIDC_Sandra_Yolanda.pdf\" target=\"_blank\" rel=\"noopener\"><strong>Do ut des<\/strong><\/a> <img loading=\"lazy\" decoding=\"async\" class=\"alignnone size-full wp-image-2138\" src=\"https:\/\/cobdc.net\/16JCID\/wp-content\/uploads\/2022\/10\/pdf.gif\" alt=\"\" width=\"20\" height=\"20\" \/><\/li>\n<\/ul>\n<p>Sandra Herrera i Yolanda Ruiz<\/p>\n<ul>\n<li><a href=\"https:\/\/cobdc.net\/16JCID\/wp-content\/uploads\/2022\/10\/POSTER-El-curador-de-continguts-pot-crear-marca-personal-gracies-a-les-newsletters.pdf\" target=\"_blank\" rel=\"noopener\"><strong>El curador de continguts<\/strong> pot crear marca personal<\/a> <strong><img loading=\"lazy\" decoding=\"async\" class=\"alignnone size-full wp-image-2138\" src=\"https:\/\/cobdc.net\/16JCID\/wp-content\/uploads\/2022\/10\/pdf.gif\" alt=\"\" width=\"20\" height=\"20\" \/><\/strong><\/li>\n<\/ul>\n<p>Roser Mant\u00e9 i Cot<\/p>\n<ul>\n<li><a href=\"https:\/\/cobdc.net\/16JCID\/wp-content\/uploads\/2022\/10\/E-de-la-seccio-de-musica-de-la.pdf\" target=\"_blank\" rel=\"noopener\"><strong>Les E de la secci\u00f3 de m\u00fasica<\/strong><\/a> <img loading=\"lazy\" decoding=\"async\" class=\"alignnone size-full wp-image-2138\" src=\"https:\/\/cobdc.net\/16JCID\/wp-content\/uploads\/2022\/10\/pdf.gif\" alt=\"\" width=\"20\" height=\"20\" \/><\/li>\n<\/ul>\n<p>Yolanda Alfonso, Pilar Estrada i Rosa Montalt<\/p>\n","protected":false},"excerpt":{"rendered":"<p>P\u00d2STERS &nbsp; Informaci\u00f3 M\u00e8dica a la Ind\u00fastria Farmac\u00e8utica. Desenvolupament i Implementaci\u00f3 d\u2019un Curs d\u2019Expert Universitari Elena Guardiola, Lurdes Cabo, Elena Molina, Patricia Ortega, \u00c1ngela Flores, Sylvaine Balmy, Nuria Escudero, Mar\u00eda-\u00c1ngeles Hern\u00e1ndez i M\u00f3nica Rojo Grup de Treball de Gesti\u00f3 de la Informaci\u00f3 en Ci\u00e8ncies de la Salut: la pand\u00e8mia com ...<\/p>\n","protected":false},"author":1,"featured_media":0,"parent":0,"menu_order":0,"comment_status":"closed","ping_status":"closed","template":"","meta":{"_monsterinsights_skip_tracking":false,"_monsterinsights_sitenote_active":false,"_monsterinsights_sitenote_note":"","_monsterinsights_sitenote_category":0,"footnotes":""},"class_list":["post-2170","page","type-page","status-publish","hentry"],"_links":{"self":[{"href":"https:\/\/cobdc.net\/16JCID\/wp-json\/wp\/v2\/pages\/2170","targetHints":{"allow":["GET"]}}],"collection":[{"href":"https:\/\/cobdc.net\/16JCID\/wp-json\/wp\/v2\/pages"}],"about":[{"href":"https:\/\/cobdc.net\/16JCID\/wp-json\/wp\/v2\/types\/page"}],"author":[{"embeddable":true,"href":"https:\/\/cobdc.net\/16JCID\/wp-json\/wp\/v2\/users\/1"}],"replies":[{"embeddable":true,"href":"https:\/\/cobdc.net\/16JCID\/wp-json\/wp\/v2\/comments?post=2170"}],"version-history":[{"count":5,"href":"https:\/\/cobdc.net\/16JCID\/wp-json\/wp\/v2\/pages\/2170\/revisions"}],"predecessor-version":[{"id":2193,"href":"https:\/\/cobdc.net\/16JCID\/wp-json\/wp\/v2\/pages\/2170\/revisions\/2193"}],"wp:attachment":[{"href":"https:\/\/cobdc.net\/16JCID\/wp-json\/wp\/v2\/media?parent=2170"}],"curies":[{"name":"wp","href":"https:\/\/api.w.org\/{rel}","templated":true}]}}